e -3*z - 2*f + 5 = 0, 2*z - 2*f - 3*f = 35. Suppose -53 = 5*y - 2*t, 4*t = z*y + 59 + 2. List the prime factors of a(y).
2, 3, 5
Let u be (18/(-4))/(14/84). Let f = u + 27. Suppose -6*v + v + 205 = f. List the prime factors of v.
41
Let w be 2/(3/(-72)*-3). Let g(m) = -m - 2. Let p be g(w). Let f = 42 - p. List the prime factors of f.
2, 3, 5
Let d = 1 + -1. Let n be 72/6 + 1 + -4. Suppose d = -h + n + 5. List the prime factors of h.
2, 7
Suppose 4*s - 127 = -3*a - 0*s, -2*a = -4*s - 58. Let h = 202 - a. List the prime factors of h.
3, 5, 11
Suppose 54*g = 61763 - 19967. What are the prime factors of g?
2, 3, 43
Suppose -8*s = -1564 - 100. List the prime factors of s.
2, 13
Suppose -105*g - 133700 = -140*g. List the prime factors of g.
2, 5, 191
Let m(v) = 2*v**2 + 2*v - 1. Let w be m(1). Let n(s) = 3*s**2 + s**2 - 3*s**2 - 7*s**w + 15*s**3. What are the prime factors of n(1)?
3
List the prime factors of ((-2)/(-18)*12)/(-2)*-1818.
2, 3, 101
Let k(a) = a**3 - 5*a**2 - 5*a + 1. Let o be k(6). Suppose -o = -4*g + 1. Suppose -5*c + 39 = -g*c. What are the prime factors of c?
13
Let h(y) = -5*y - 17. Let c(d) = -9*d - 33. Let m(t) = -3*c(t) + 5*h(t). List the prime factors of m(-6).
2
Let d = 19 - 29. Let s = d + -15. Let g = -19 - s. List the prime factors of g.
2, 3
Let y = -8 + 224. Suppose 4*l - 4*a = y, -4*l - 2*a = -l - 142. What are the prime factors of l?
2, 5
Let n be 14/6 - 34/(-51). Suppose 5 = -2*j + n*j. List the prime factors of j.
5
Let w(p) = p**3 + p**2 - p - 124. Let b be w(0). Let h be (2/(-1))/(7*4/1050). Let s = h - b. What are the prime factors of s?
7
What are the prime factors of 5200/12 - 2/(-6)*-1?
433
Let o(a) = a - 1. Let l(d) = -22*d - 4. Let n(g) = l(g) + 3*o(g). List the prime factors of n(-3).
2, 5
Suppose -5*r - 25 = 2*l + 3*l, 0 = -4*r. Let s(o) = -o**3 - o**2 + 7*o + 18. What are the prime factors of s(l)?
83
Suppose -3*c = -499 - 260. List the prime factors of c.
11, 23
Suppose -3*j + 5*c = -199, -c = 3*j - 0*c - 187. What are the prime factors of j?
3, 7
Suppose 3*b - 12 = -4*g, 7*g - 2*g - 2*b = -8. Suppose 4*a - 3*a = -3*s + 18, g = -a - 2*s + 15. Let h(f) = -f**2 + 9*f + 6. List the prime factors of h(a).
2, 3
Suppose 7*g - 130 = 2*g. Suppose -h + 23 = -g. Suppose -c - 13 = -h. List the prime factors of c.
2, 3
Let n(p) = p**2 + 4*p + 1. Let v be n(-5). Let o be 0*((-2)/v + 0). Suppose o = -7*f + 510 - 153. List the prime factors of f.
3, 17
Let a = 1332 - 1000. List the prime factors of a.
2, 83
Let m(k) = -k**3 + 8*k**2 - 3*k + 12. Let d be m(8). Let g(l) = l**3 + 13*l**2 + 9*l - 1. Let p be g(d). Let i = p - 16. List the prime factors of i.
19
Let v = -25 - -29. Suppose 0 = v*c - 77 - 75. What are the prime factors of c?
2, 19
Let l = -26 + 28. Suppose l*i + 5*w - 146 = 0, 5*w + 100 = 2*i - 46. Suppose 4*k - 34 = -2*f, 3*f + 0*f - 5*k - i = 0. What are the prime factors of f?
3, 7
Let u(l) = 9*l - 32. Let w be u(4). Suppose 0 = y - w*r - 77, 4*y + r + 2*r = 289. What are the prime factors of y?
73
Suppose -5*x + 306 = -2*x. Let i = -60 + x. What are the prime factors of i?
2, 3, 7
Suppose -27*z + 12*z = -3045. List the prime factors of z.
7, 29
Let z = -4 - -2. List the prime factors of z/(-4)*-8 - -59.
5, 11
Let h(q) = q**2 + 2*q - 1. Let r be h(-3). List the prime factors of (((-70)/3)/r)/((-11)/33).
5, 7
Suppose 59*y - 61*y + 2269 = -3*i, -2*i = y - 1152. What are the prime factors of y?
2, 571
Let s = 217 - -535. What are the prime factors of s?
2, 47
Suppose -5*s - 4*w + 857 = 0, 670 = 4*s - 17*w + 15*w. List the prime factors of s.
13
Let b(u) = -u**3 - 3*u**2 - 10*u - 11. Let s(l) = -l**3 + 5*l**2 - 5*l - 2. Let g be s(4). List the prime factors of b(g).
157
Suppose -2*t - 3*l + 12 = 0, 5*t + 4*l - l = 21. Let h = 5 + t. What are the prime factors of -88*(26/h + -4)?
2, 3, 11
Let p(z) = -z**2 - 13*z - 8. Let m be p(-12). Let j = -5 + m. List the prime factors of 160/6 - j/3.
3
What are the prime factors of 5732/24 + 6 - (-1)/6?
5, 7
Suppose -4*g + 462 = 2*f, -896 = -12*f + 8*f - g. List the prime factors of f.
223
Let a = 6 - 2. Suppose 0 = -2*j - j - 4*k - 18, 22 = -j + a*k. What are the prime factors of j/(-15) + 46/3?
2
Let u(o) = -11*o + 17. Let m(g) = g**2 - 4*g + 1. Let k be m(6). Suppose 6*p = k - 37. What are the prime factors of u(p)?
61
Let q = -359 + 691. List the prime factors of q.
2, 83
Suppose 0 = 5*y + 3*h + 112, 3*h - 7 = -2*y - 59. What are the prime factors of 0*4/y - -62?
2, 31
Let r = -584 + 959. List the prime factors of r.
3, 5
Let u(z) = z**3 - 5*z**2 + z + 7. Let p be u(5). Suppose -g + p = 3. List the prime factors of g.
3
List the prime factors of (29903/51 - (-1)/(-3)) + 0.
2, 293
Let z(b) = b**2 - 6*b - 4. Let p be z(7). Suppose p*t + t = 12. What are the prime factors of (0 + -3)/t*-23?
23
Let w(h) = -31*h**3 + 4*h**2 - 6*h**2 + 18 - 17. Suppose -2*s + 8 = 0, 4*c - 2*s = -8 - 4. List the prime factors of w(c).
2, 3, 5
Suppose 4*u - 2*u - 6 = 0. Suppose 0 = -2*x + 10, 95 - u = -4*i + 4*x. What are the prime factors of (9 - 4)*i/(-15)?
2, 3
Let u(m) = -3*m**3 + 3*m**3 - 18*m - 17*m**2 - m**3 + 4 + 0*m**3. Suppose -13 - 27 = 3*f - 4*r, -3*f - 58 = 5*r. List the prime factors of u(f).
2, 3
List the prime factors of (3728/24)/((-1)/(-3) + 0).
2, 233
Suppose 2*s = 4*q + 2298, 13*q + 2301 = 2*s + 10*q. Suppose 21 = 5*a - 4, 5*l = -2*a + s. List the prime factors of l.
229
Suppose h - 409 = 3*a, -4*h + 1287 = -h + 3*a. What are the prime factors of h?
2, 53
Let n be (-177)/9 + (-1)/3. Let k = n - -19. List the prime factors of (-364)/(-20) + k/5.
2, 3
Let j = 8 - 1. What are the prime factors of j?
7
Let h be (0 - (-4 + 1)) + -1. Suppose -3*j + 4*q + q = -42, -h*q = j - 3. Suppose -20 = -4*x + 5*w, 0 = -5*x - 3*w + j + 16. What are the prime factors of x?
5
Suppose 9*c - 12*c = -312. Let j be c + (4 - 0 - 4). Let k = j + -61. List the prime factors of k.
43
Let t(b) = -5 - 2*b**3 + 80*b**2 + b**3 + 14 - 57*b**2 - 16*b. List the prime factors of t(22).
3, 47
Suppose -79*n + 70*n + 2205 = 0. What are the prime factors of n?
5, 7
Let b = -55 + 55. Suppose 3*q - 138 - 12 = b. List the prime factors of q.
2, 5
Let c(w) = w**3 + 14*w**2 + 14*w + 18. What are the prime factors of c(-13)?
5
Suppose 5*z = -f + 2*z + 1088, -5*f = -z - 5424. List the prime factors of f.
5, 7, 31
What are the prime factors of 2*211*(6 - (14 + -9))?
2, 211
Let l = -16 + 18. Let s(q) = 19*q**2 + q + 2. What are the prime factors of s(l)?
2, 5
Suppose -d - 2 = 6*n - n, -5*n + d - 8 = 0. Suppose -8 = 2*u - 3*c, 0*u + 5 = -u + 2*c. List the prime factors of n/u + (23 - -12).
2, 3
Let b = 25 + 3. Suppose 6*r - b - 746 = 0. What are the prime factors of r?
3, 43
Let y(v) = -6*v**3 + v + 1. Let f be y(-1). Suppose -21*a = -f*a - 1470. What are the prime factors of a?
2, 7
Suppose 74*f - 65*f = 57870. What are the prime factors of f?
2, 5, 643
Suppose 0 = 36*x - 9*x - 4860. List the prime factors of x.
2, 3, 5
Suppose 35*a = 21*a + 658. Let j = 170 - a. What are the prime factors of j?
3, 41
Let d(y) = -9*y + 9. Let u be d(-13). Let q = 187 - u. What are the prime factors of q?
61
Let b(u) = u**2 - 7*u - 2. List the prime factors of b(22).
2, 41
Let i be 27/18*20/6. Let q(u) = -u**3 + 6*u**2 + 5*u - 6. What are the prime factors of q(i)?
2, 11
Let t = 31 + -19. Suppose -4 - 12 = -2*s. List the prime factors of s/t - (-147)/9.
17
Let a(h) = 50*h + 3. Let c(z) = -3551*z - 212. Let x(d) = 212*a(d) + 3*c(d). What are the prime factors of x(-1)?
53
Suppose 2*i - 10 = -10*b + 5*b, -20 = 4*i. Suppose -4*p + 413 = -p + 2*z, b*z + 8 = 0. What are the prime factors of p?
139
Suppose -7*a + 13*a = 3000. Suppose 3*w = a - 56. List the prime factors of w.
2, 37
Let t(n) = -3*n - 11. Let r be t(-5). Suppose -6*y + r*y + 2*j + 16 = 0, 3*y = -3*j + 24. What are the prime factors of y?
2
Let a be 227 - 19 - (-3 + 1). Suppose a = 17*f - 10*f. What are the prime factors of f?
2, 3, 5
Let q be (2/(-5))/(2/(-890)). Let s(b) = 5*b - 17. Let v be s(4). Suppose v*n + 61 = q. List the prime factors of n.
3, 13
Suppose -16*c - 5054 = -17006. List the prime factors of c.
3, 83
Let h(y) = 6*y + 11. Let i be h(5). Let j = -36 + i. List the prime factors of j.
5
Let h = -263 - -419. List the prime factors of h.
2, 3, 13
Let p = 31 + -28. 